{"id":15,"date":"2024-06-11T11:26:30","date_gmt":"2024-06-11T09:26:30","guid":{"rendered":"https:\/\/grupescobar.com\/?page_id=15"},"modified":"2024-09-11T12:29:10","modified_gmt":"2024-09-11T10:29:10","slug":"15-2","status":"publish","type":"page","link":"https:\/\/grupescobar.com\/","title":{"rendered":"Inici"},"content":{"rendered":"\n<div style=\"height:100px\" aria-hidden=\"true\" class=\"wp-block-spacer\"><\/div>\n\n\n\n<figure class=\"wp-block-image aligncenter size-large is-resized\"><img loading=\"lazy\" decoding=\"async\" width=\"1024\" height=\"132\" src=\"https:\/\/grupescobar.com\/wp-content\/uploads\/2024\/07\/GrupEscobar2-1024x132.png\" alt=\"\" class=\"wp-image-19\" style=\"object-fit:cover;width:694px;height:auto\" srcset=\"https:\/\/grupescobar.com\/wp-content\/uploads\/2024\/07\/GrupEscobar2-1024x132.png 1024w, https:\/\/grupescobar.com\/wp-content\/uploads\/2024\/07\/GrupEscobar2-300x39.png 300w, https:\/\/grupescobar.com\/wp-content\/uploads\/2024\/07\/GrupEscobar2-768x99.png 768w, https:\/\/grupescobar.com\/wp-content\/uploads\/2024\/07\/GrupEscobar2.png 1522w\" sizes=\"auto, (max-width: 1024px) 100vw, 1024px\" \/><\/figure>\n\n\n\n<p class=\"has-text-align-center has-large-font-size\" style=\"margin-top:var(--wp--preset--spacing--30);margin-right:0;margin-bottom:var(--wp--preset--spacing--30);margin-left:0;padding-right:var(--wp--preset--spacing--60);padding-left:var(--wp--preset--spacing--60)\">Som una empresa l\u00edder en la ind\u00fastria de serveis de neteja a Catalunya.&nbsp;Amb una her\u00e8ncia de m\u00e9s de 60 anys d&#8217;experi\u00e8ncia i un comprom\u00eds ferm amb la qualitat i la professionalitat, ens hem establert com una refer\u00e8ncia en la neteja industrial, particular i del sector p\u00fablic.<\/p>\n\n\n\n<div class=\"wp-block-group is-layout-flow wp-block-group-is-layout-flow\">\n<div class=\"wp-block-columns is-layout-flex wp-container-core-columns-is-layout-28f84493 wp-block-columns-is-layout-flex\">\n<div class=\"wp-block-column is-layout-flow wp-block-column-is-layout-flow\" style=\"padding-top:var(--wp--preset--spacing--20);padding-bottom:var(--wp--preset--spacing--20)\">\n<figure class=\"wp-block-image aligncenter size-full is-resized\"><a href=\"https:\/\/escobarsl.com\/\" target=\"_blank\" rel=\"noreferrer noopener\"><img loading=\"lazy\" decoding=\"async\" width=\"500\" height=\"500\" src=\"https:\/\/grupescobar.com\/wp-content\/uploads\/2024\/09\/escobar-quadrat.png\" alt=\"\" class=\"wp-image-40\" style=\"width:263px;height:auto\" srcset=\"https:\/\/grupescobar.com\/wp-content\/uploads\/2024\/09\/escobar-quadrat.png 500w, https:\/\/grupescobar.com\/wp-content\/uploads\/2024\/09\/escobar-quadrat-300x300.png 300w, https:\/\/grupescobar.com\/wp-content\/uploads\/2024\/09\/escobar-quadrat-150x150.png 150w\" sizes=\"auto, (max-width: 500px) 100vw, 500px\" \/><\/a><\/figure>\n\n\n\n<p class=\"has-text-align-center\"><a href=\"https:\/\/escobarsl.com\/\" data-type=\"link\" data-id=\"https:\/\/escobarsl.com\/\" target=\"_blank\" rel=\"noreferrer noopener\">escobarsl.com<\/a><\/p>\n\n\n\n<p class=\"has-text-align-center\"><a href=\"tel:+34937610744\" target=\"_blank\" rel=\"noreferrer noopener\">93 761 07 44<\/a><\/p>\n\n\n\n<p class=\"has-text-align-center\">Pol. Ind. Can Patalina \u2013 C\/ Miralles 10<\/p>\n\n\n\n<p class=\"has-text-align-center\">08380 \u2013 Malgrat de Mar &#8211; Barcelona<\/p>\n<\/div>\n\n\n\n<div class=\"wp-block-column is-layout-flow wp-block-column-is-layout-flow\" style=\"padding-top:var(--wp--preset--spacing--20);padding-bottom:var(--wp--preset--spacing--20)\">\n<figure class=\"wp-block-image aligncenter size-full is-resized\"><a href=\"https:\/\/www.hidrojetservicios.net\/ca\/\" target=\"_blank\" rel=\"noreferrer noopener\"><img loading=\"lazy\" decoding=\"async\" width=\"500\" height=\"500\" src=\"https:\/\/grupescobar.com\/wp-content\/uploads\/2024\/09\/Hidrojet-quadrat.png\" alt=\"\" class=\"wp-image-42\" style=\"width:263px\" srcset=\"https:\/\/grupescobar.com\/wp-content\/uploads\/2024\/09\/Hidrojet-quadrat.png 500w, https:\/\/grupescobar.com\/wp-content\/uploads\/2024\/09\/Hidrojet-quadrat-300x300.png 300w, https:\/\/grupescobar.com\/wp-content\/uploads\/2024\/09\/Hidrojet-quadrat-150x150.png 150w\" sizes=\"auto, (max-width: 500px) 100vw, 500px\" \/><\/a><\/figure>\n\n\n\n<div class=\"wp-block-group has-global-padding is-layout-constrained wp-block-group-is-layout-constrained\">\n<p class=\"has-text-align-center\"><a href=\"https:\/\/www.hidrojetservicios.net\/ca\/\" data-type=\"link\" data-id=\"https:\/\/escobarsl.com\/\" target=\"_blank\" rel=\"noreferrer noopener\">hidrojetservicios.net<\/a><\/p>\n\n\n\n<p class=\"has-text-align-center\"><a href=\"tel:+34972170809\" target=\"_blank\" rel=\"noreferrer noopener\">972 17 08 09<\/a><\/p>\n\n\n\n<p class=\"has-text-align-center\">Av. Josep Flores, 41 <\/p>\n\n\n\n<p class=\"has-text-align-center\">17840 &#8211; Sarri\u00e0 de Ter &#8211; Girona<\/p>\n<\/div>\n<\/div>\n\n\n\n<div class=\"wp-block-column is-layout-flow wp-block-column-is-layout-flow\" style=\"padding-top:var(--wp--preset--spacing--20);padding-right:0;padding-bottom:var(--wp--preset--spacing--20);padding-left:0\">\n<figure class=\"wp-block-image aligncenter size-full is-resized\"><a href=\"https:\/\/escobarsl.com\/argenet-neteges\/\" target=\"_blank\" rel=\"noreferrer noopener\"><img loading=\"lazy\" decoding=\"async\" width=\"500\" height=\"500\" src=\"https:\/\/grupescobar.com\/wp-content\/uploads\/2024\/09\/argenet-quadrat.png\" alt=\"\" class=\"wp-image-41\" style=\"width:263px\" srcset=\"https:\/\/grupescobar.com\/wp-content\/uploads\/2024\/09\/argenet-quadrat.png 500w, https:\/\/grupescobar.com\/wp-content\/uploads\/2024\/09\/argenet-quadrat-300x300.png 300w, https:\/\/grupescobar.com\/wp-content\/uploads\/2024\/09\/argenet-quadrat-150x150.png 150w\" sizes=\"auto, (max-width: 500px) 100vw, 500px\" \/><\/a><\/figure>\n\n\n\n<p class=\"has-text-align-center\"><a href=\"https:\/\/escobarsl.com\/argenet-neteges\/\" data-type=\"link\" data-id=\"https:\/\/escobarsl.com\/\" target=\"_blank\" rel=\"noreferrer noopener\">argenet.es<\/a><\/p>\n\n\n\n<div class=\"wp-block-group has-global-padding is-layout-constrained wp-block-group-is-layout-constrained\">\n<p class=\"has-text-align-center\"><a href=\"tel:+34937610744\" target=\"_blank\" rel=\"noreferrer noopener\">93 761 07 44<\/a><\/p>\n\n\n\n<p class=\"has-text-align-center\">Pol. Ind. Can Patalina \u2013 C\/ Miralles 10 <\/p>\n\n\n\n<p class=\"has-text-align-center\">08380 \u2013 Malgrat de Mar &#8211; Barcelona<\/p>\n<\/div>\n<\/div>\n<\/div>\n<\/div>\n\n\n\n<div class=\"wp-block-group alignfull has-background-color has-global-padding is-layout-constrained wp-container-core-group-is-layout-5d2f8bdc wp-block-group-is-layout-constrained\" style=\"margin-top:0;margin-bottom:0;padding-top:var(--wp--preset--spacing--40);padding-right:var(--wp--preset--spacing--30);padding-bottom:var(--wp--preset--spacing--40);padding-left:var(--wp--preset--spacing--30)\">\n<div class=\"wp-block-group alignwide is-content-justification-space-between is-layout-flex wp-container-core-group-is-layout-b585a4aa wp-block-group-is-layout-flex\">\n<div class=\"wp-block-group is-layout-flex wp-block-group-is-layout-flex\"><h1 class=\"wp-block-site-title has-small-font-size\"><a href=\"https:\/\/grupescobar.com\" target=\"_self\" rel=\"home\">Grup Escobar<\/a><\/h1><\/div>\n\n\n\n<p class=\"has-small-font-size\">Proudly powered by <a href=\"https:\/\/marficom.com\" target=\"_blank\" rel=\"noreferrer noopener\">Marficom<\/a><\/p>\n<\/div>\n<\/div>\n\n\n\n<p><\/p>\n","protected":false},"excerpt":{"rendered":"<p>Som una empresa l\u00edder en la ind\u00fastria de serveis de neteja a Catalunya.&nbsp;Amb una her\u00e8ncia de m\u00e9s de 60 anys d&#8217;experi\u00e8ncia i un comprom\u00eds ferm amb la qualitat i la professionalitat, ens hem establert com una refer\u00e8ncia en la neteja industrial, particular i del sector p\u00fablic. escobarsl.com 93 761 07 44 Pol. Ind. Can Patalina [&hellip;]<\/p>\n","protected":false},"author":1,"featured_media":0,"parent":0,"menu_order":0,"comment_status":"closed","ping_status":"closed","template":"plantilla-home-nova","meta":{"footnotes":""},"class_list":["post-15","page","type-page","status-publish","hentry"],"_links":{"self":[{"href":"https:\/\/grupescobar.com\/index.php\/wp-json\/wp\/v2\/pages\/15","targetHints":{"allow":["GET"]}}],"collection":[{"href":"https:\/\/grupescobar.com\/index.php\/wp-json\/wp\/v2\/pages"}],"about":[{"href":"https:\/\/grupescobar.com\/index.php\/wp-json\/wp\/v2\/types\/page"}],"author":[{"embeddable":true,"href":"https:\/\/grupescobar.com\/index.php\/wp-json\/wp\/v2\/users\/1"}],"replies":[{"embeddable":true,"href":"https:\/\/grupescobar.com\/index.php\/wp-json\/wp\/v2\/comments?post=15"}],"version-history":[{"count":13,"href":"https:\/\/grupescobar.com\/index.php\/wp-json\/wp\/v2\/pages\/15\/revisions"}],"predecessor-version":[{"id":46,"href":"https:\/\/grupescobar.com\/index.php\/wp-json\/wp\/v2\/pages\/15\/revisions\/46"}],"wp:attachment":[{"href":"https:\/\/grupescobar.com\/index.php\/wp-json\/wp\/v2\/media?parent=15"}],"curies":[{"name":"wp","href":"https:\/\/api.w.org\/{rel}","templated":true}]}}